{"id":8784,"date":"2026-02-26T20:06:11","date_gmt":"2026-02-26T19:06:11","guid":{"rendered":"https:\/\/galaxybaril.com\/?post_type=product&#038;p=8784"},"modified":"2026-02-26T20:13:31","modified_gmt":"2026-02-26T19:13:31","slug":"baril-pupitre-prestige-personnalisable-stellar-premium","status":"publish","type":"product","link":"https:\/\/galaxybaril.com\/index.php\/produit\/baril-pupitre-prestige-personnalisable-stellar-premium\/","title":{"rendered":"Baril Pupitre Prestige Personnalisable &#8211; STELLAR premium"},"content":{"rendered":"<h1 data-start=\"123\" data-end=\"163\">Baril pupitre prestige personnalisable<\/h1>\n<h2 data-start=\"165\" data-end=\"235\">\u00c9l\u00e9gance, mobilit\u00e9 et finition premium pour vos espaces d\u2019exception<\/h2>\n<p data-start=\"237\" data-end=\"476\">Le <strong data-start=\"240\" data-end=\"282\">baril pupitre prestige personnalisable<\/strong> est une pi\u00e8ce haut de gamme pens\u00e9e pour sublimer vos espaces professionnels. Con\u00e7u dans un mat\u00e9riau premium avec une finition irr\u00e9prochable, il associe esth\u00e9tisme, robustesse et fonctionnalit\u00e9.<\/p>\n<p data-start=\"478\" data-end=\"734\">Sa table design ovale <strong data-start=\"500\" data-end=\"515\">60 x 120 cm<\/strong> offre une surface confortable pour l\u2019accueil, la prise de parole ou la pr\u00e9sentation de documents. Gr\u00e2ce \u00e0 ses <strong data-start=\"626\" data-end=\"665\">micro-roulettes discr\u00e8tes int\u00e9gr\u00e9es<\/strong>, il se d\u00e9place facilement tout en conservant une parfaite stabilit\u00e9.<\/p>\n<p data-start=\"478\" data-end=\"734\">R\u00e9tro\u00e9clairage led \u00e0 la demande!<\/p>\n<hr data-start=\"736\" data-end=\"739\" \/>\n<h2 data-start=\"741\" data-end=\"771\">Caract\u00e9ristiques techniques<\/h2>\n<ul data-start=\"773\" data-end=\"1006\">\n<li data-start=\"773\" data-end=\"802\">\n<p data-start=\"775\" data-end=\"802\">\u2714\ufe0f Mat\u00e9riau haut de gamme<\/p>\n<\/li>\n<li data-start=\"803\" data-end=\"826\">\n<p data-start=\"805\" data-end=\"826\">\u2714\ufe0f Finition premium qualit\u00e9 automobile<\/p>\n<\/li>\n<li data-start=\"827\" data-end=\"866\">\n<p data-start=\"829\" data-end=\"866\">\u2714\ufe0f Plateau ovale design 60 x 120 cm<\/p>\n<\/li>\n<li data-start=\"867\" data-end=\"911\">\n<p data-start=\"869\" data-end=\"911\">\u2714\ufe0f Micro-roulettes invisibles et fluides<\/p>\n<\/li>\n<li data-start=\"912\" data-end=\"946\">\n<p data-start=\"914\" data-end=\"946\">\u2714\ufe0f Structure robuste et stable<\/p>\n<\/li>\n<li data-start=\"947\" data-end=\"1006\">\n<p data-start=\"949\" data-end=\"1006\">\u2714\ufe0f Personnalisation \u00e0 vos couleurs\u00a0 (coloris, logo, finition)<\/p>\n<\/li>\n<\/ul>\n<hr data-start=\"1008\" data-end=\"1011\" \/>\n<h2 data-start=\"1013\" data-end=\"1060\">Un mobilier pens\u00e9 pour les lieux d\u2019exception<\/h2>\n<p data-start=\"1062\" data-end=\"1137\">Le <strong data-start=\"1065\" data-end=\"1107\">baril pupitre prestige personnalisable<\/strong> s\u2019int\u00e8gre parfaitement dans :<\/p>\n<ul data-start=\"1139\" data-end=\"1298\">\n<li data-start=\"1139\" data-end=\"1163\">\n<p data-start=\"1141\" data-end=\"1163\">Salles de conf\u00e9rence<\/p>\n<\/li>\n<li data-start=\"1164\" data-end=\"1189\">\n<p data-start=\"1166\" data-end=\"1189\">Espaces \u00e9v\u00e9nementiels<\/p>\n<\/li>\n<li data-start=\"1190\" data-end=\"1213\">\n<p data-start=\"1192\" data-end=\"1213\">Salles de r\u00e9ception<\/p>\n<\/li>\n<li data-start=\"1214\" data-end=\"1224\">\n<p data-start=\"1216\" data-end=\"1224\">H\u00f4tels<\/p>\n<\/li>\n<li data-start=\"1225\" data-end=\"1258\">\n<p data-start=\"1227\" data-end=\"1258\">Domaines et lieux de prestige<\/p>\n<\/li>\n<li data-start=\"1259\" data-end=\"1298\">\n<p data-start=\"1261\" data-end=\"1298\">Showrooms et lancements de produits<\/p>\n<\/li>\n<\/ul>\n<p data-start=\"1300\" data-end=\"1415\">Il devient un v\u00e9ritable \u00e9l\u00e9ment d\u2019image pour vos \u00e9v\u00e9nements et renforce l\u2019identit\u00e9 visuelle de votre \u00e9tablissement.<\/p>\n<hr data-start=\"1417\" data-end=\"1420\" \/>\n<h2 data-start=\"1422\" data-end=\"1452\">Personnalisation sur mesure<\/h2>\n<p data-start=\"1454\" data-end=\"1533\">Adaptez votre baril pupitre prestige personnalisable \u00e0 votre charte graphique :<\/p>\n<ul data-start=\"1535\" data-end=\"1674\">\n<li data-start=\"1535\" data-end=\"1559\">\n<p data-start=\"1537\" data-end=\"1559\">Couleurs sp\u00e9cifiques<\/p>\n<\/li>\n<li data-start=\"1560\" data-end=\"1583\">\n<p data-start=\"1562\" data-end=\"1583\">Int\u00e9gration de logo<\/p>\n<\/li>\n<li data-start=\"1584\" data-end=\"1623\">\n<p data-start=\"1586\" data-end=\"1623\">Finition mate, satin\u00e9e ou brillante<\/p>\n<\/li>\n<li data-start=\"1624\" data-end=\"1674\">\n<p data-start=\"1626\" data-end=\"1674\">Habillage \u00e9v\u00e9nementiel temporaire ou permanent<\/p>\n<\/li>\n<li data-start=\"1624\" data-end=\"1674\">r\u00e9tro\u00e9clairage Led<\/li>\n<\/ul>\n<hr data-start=\"1676\" data-end=\"1679\" \/>\n<h2 data-start=\"1681\" data-end=\"1744\">Pourquoi choisir le baril pupitre prestige personnalisable ?<\/h2>\n<ul data-start=\"1746\" data-end=\"1917\">\n<li data-start=\"1746\" data-end=\"1781\">\n<p data-start=\"1748\" data-end=\"1781\">Design \u00e9l\u00e9gant et diff\u00e9renciant<\/p>\n<\/li>\n<li data-start=\"1782\" data-end=\"1830\">\n<p data-start=\"1784\" data-end=\"1830\">Mobilit\u00e9 invisible gr\u00e2ce aux micro-roulettes<\/p>\n<\/li>\n<li data-start=\"1831\" data-end=\"1858\">\n<p data-start=\"1833\" data-end=\"1858\">Fabrication qualitative<\/p>\n<\/li>\n<li data-start=\"1859\" data-end=\"1881\">\n<p data-start=\"1861\" data-end=\"1881\">Impact visuel fort<\/p>\n<\/li>\n<li data-start=\"1882\" data-end=\"1917\">\n<p data-start=\"1884\" data-end=\"1917\">Solution durable et valorisante<\/p>\n<\/li>\n<\/ul>\n","protected":false},"excerpt":{"rendered":"<p>Baril pupitre prestige personnalisable, finition premium, table ovale 60x120cm, micro-roulettes discr\u00e8tes, r\u00e9hausses inox.Id\u00e9al conf\u00e9rences et salles r\u00e9ception Haut de gamme.<\/p>\n<p>R\u00e9tro\u00e9clairage circulaire led sur demande<\/p>\n<p><strong>Con\u00e7u, fabriqu\u00e9 et assembl\u00e9 en France!<\/strong><\/p>\n<p><img decoding=\"async\" class=\"an1\" draggable=\"false\" src=\"https:\/\/fonts.gstatic.com\/s\/e\/notoemoji\/16.0\/1f69a\/32.png\" alt=\"\ud83d\ude9a\" data-emoji=\"\ud83d\ude9a\" aria-label=\"\ud83d\ude9a\" \/> Livraison S\u00e9curis\u00e9e <strong>100% offerte<\/strong> France m\u00e9tropolitaine !<\/p>\n","protected":false},"featured_media":8785,"comment_status":"open","ping_status":"closed","template":"","meta":{"_monsterinsights_skip_tracking":false,"_monsterinsights_sitenote_active":false,"_monsterinsights_sitenote_note":"","_monsterinsights_sitenote_category":0,"site-sidebar-layout":"default","site-content-layout":"default","ast-global-header-display":"","ast-main-header-display":"","ast-hfb-above-header-display":"","ast-hfb-below-header-display":"","ast-hfb-mobile-header-display":"","site-post-title":"","ast-breadcrumbs-content":"","ast-featured-img":"","footer-sml-layout":"","theme-transparent-header-meta":"default","adv-header-id-meta":"","stick-header-meta":"","header-above-stick-meta":"","header-main-stick-meta":"","header-below-stick-meta":""},"product_brand":[],"product_cat":[23],"product_tag":[],"class_list":{"0":"post-8784","1":"product","2":"type-product","3":"status-publish","4":"has-post-thumbnail","6":"product_cat-mange-debout","7":"desktop-align-center","8":"tablet-align-left","9":"mobile-align-left","10":"fpd-variation-needed","12":"first","13":"instock","14":"sale","15":"taxable","16":"shipping-taxable","17":"purchasable","18":"product-type-simple"},"aioseo_notices":[],"_links":{"self":[{"href":"https:\/\/galaxybaril.com\/index.php\/wp-json\/wp\/v2\/product\/8784","targetHints":{"allow":["GET"]}}],"collection":[{"href":"https:\/\/galaxybaril.com\/index.php\/wp-json\/wp\/v2\/product"}],"about":[{"href":"https:\/\/galaxybaril.com\/index.php\/wp-json\/wp\/v2\/types\/product"}],"replies":[{"embeddable":true,"href":"https:\/\/galaxybaril.com\/index.php\/wp-json\/wp\/v2\/comments?post=8784"}],"version-history":[{"count":6,"href":"https:\/\/galaxybaril.com\/index.php\/wp-json\/wp\/v2\/product\/8784\/revisions"}],"predecessor-version":[{"id":8793,"href":"https:\/\/galaxybaril.com\/index.php\/wp-json\/wp\/v2\/product\/8784\/revisions\/8793"}],"wp:featuredmedia":[{"embeddable":true,"href":"https:\/\/galaxybaril.com\/index.php\/wp-json\/wp\/v2\/media\/8785"}],"wp:attachment":[{"href":"https:\/\/galaxybaril.com\/index.php\/wp-json\/wp\/v2\/media?parent=8784"}],"wp:term":[{"taxonomy":"product_brand","embeddable":true,"href":"https:\/\/galaxybaril.com\/index.php\/wp-json\/wp\/v2\/product_brand?post=8784"},{"taxonomy":"product_cat","embeddable":true,"href":"https:\/\/galaxybaril.com\/index.php\/wp-json\/wp\/v2\/product_cat?post=8784"},{"taxonomy":"product_tag","embeddable":true,"href":"https:\/\/galaxybaril.com\/index.php\/wp-json\/wp\/v2\/product_tag?post=8784"}],"curies":[{"name":"wp","href":"https:\/\/api.w.org\/{rel}","templated":true}]}}